{"id":13,"date":"2025-08-09T09:31:16","date_gmt":"2025-08-09T09:31:16","guid":{"rendered":"https:\/\/noomi.puhalainen.fi\/beyoudance\/?page_id=13"},"modified":"2025-08-10T09:13:11","modified_gmt":"2025-08-10T09:13:11","slug":"home","status":"publish","type":"page","link":"https:\/\/noomi.puhalainen.fi\/beyoudance\/","title":{"rendered":"Home"},"content":{"rendered":"\n<div class=\"wp-block-cover alignfull is-light hestia-clear-top-padding\" style=\"min-height:296px;aspect-ratio:unset;\"><span aria-hidden=\"true\" class=\"wp-block-cover__background has-white-background-color has-background-dim-100 has-background-dim\"><\/span><div class=\"wp-block-cover__inner-container is-layout-flow wp-block-cover-is-layout-flow\">\n<h2 class=\"wp-block-heading has-text-align-center has-text-color\" style=\"color:#3c4858\">Arvomme<\/h2>\n\n\n\n<div class=\"wp-block-columns container is-layout-flex wp-container-core-columns-is-layout-28f84493 wp-block-columns-is-layout-flex\">\n<div class=\"wp-block-column is-layout-flow wp-block-column-is-layout-flow\">\n<p class=\"has-text-align-center has-text-color\" style=\"color:#999999;font-size:16px\"><strong>Relax<\/strong><br>Meille on t\u00e4rke\u00e4\u00e4, ett\u00e4 tunneille on mukava tulla ilman stressi\u00e4 siit\u00e4, mit\u00e4 muut ajattelevat.<\/p>\n<\/div>\n\n\n\n<div class=\"wp-block-column is-layout-flow wp-block-column-is-layout-flow\">\n<p class=\"has-text-align-center has-text-color\" style=\"color:#999999;font-size:16px\"><strong>Be You<\/strong><br>Nimi kertoo kaiken: Be You tarkoittaa, ett\u00e4 saat olla oma itsesi.<\/p>\n<\/div>\n\n\n\n<div class=\"wp-block-column is-layout-flow wp-block-column-is-layout-flow\">\n<p class=\"has-text-align-center has-text-color\" style=\"color:#999999;font-size:16px\"><strong>Respect<\/strong><br>Toivomme kaikilta osallistujilta kunnioittavaa k\u00e4yt\u00f6st\u00e4 muita kohtaan, jotta saamme luotua hyv\u00e4n ilmapiirin.<\/p>\n<\/div>\n<\/div>\n<\/div><\/div>\n\n\n\n<div class=\"wp-block-cover alignfull is-light hestia-clear-top-padding\" style=\"min-height:50px;aspect-ratio:unset;\"><span aria-hidden=\"true\" class=\"wp-block-cover__background has-white-background-color has-background-dim-100 has-background-dim\"><\/span><div class=\"wp-block-cover__inner-container is-layout-flow wp-block-cover-is-layout-flow\">\n<p><\/p>\n\n\n\n<p class=\"has-text-align-center has-text-color\" style=\"color:#999999;font-size:16px\">Vaikka et olisi koskaan tanssinut, mutta tykk\u00e4\u00e4t Kpopista ja haluat tanssia, nyt on hyv\u00e4 hetki aloittaa. My\u00f6s kokeneemmat tanssijat ovat tervetulleita.<\/p>\n<\/div><\/div>\n\n\n\n<p class=\"has-text-align-center\"><br><\/p>\n\n\n\n<div class=\"wp-block-columns is-layout-flex wp-container-core-columns-is-layout-28f84493 wp-block-columns-is-layout-flex\">\n<div class=\"wp-block-column is-layout-flow wp-block-column-is-layout-flow\" style=\"flex-basis:25%\"><\/div>\n\n\n\n<div class=\"wp-block-column is-layout-flow wp-block-column-is-layout-flow\" style=\"flex-basis:50%\">\n<figure class=\"wp-block-video\"><video height=\"960\" style=\"aspect-ratio: 540 \/ 960;\" width=\"540\" controls src=\"https:\/\/noomi.puhalainen.fi\/beyoudance\/wp-content\/uploads\/2025\/08\/Noomin_tanssi.mp4\"><\/video><\/figure>\n<\/div>\n\n\n\n<div class=\"wp-block-column is-layout-flow wp-block-column-is-layout-flow\" style=\"flex-basis:25%\">\n<pre class=\"wp-block-preformatted\">Video edit &amp; logo by <br>Inkeri Turunen <a href=\"https:\/\/www.instagram.com\/turunenunei\" data-type=\"link\" data-id=\"https:\/\/www.instagram.com\/turunenunei\" target=\"_blank\" rel=\"noreferrer noopener\">@turunenunei<\/a><\/pre>\n<\/div>\n<\/div>\n","protected":false},"excerpt":{"rendered":"<p>Video edit &amp; logo by Inkeri Turunen @turunenunei<\/p>\n","protected":false},"author":1,"featured_media":112,"parent":0,"menu_order":0,"comment_status":"closed","ping_status":"closed","template":"","meta":{"_themeisle_gutenberg_block_has_review":false,"footnotes":""},"class_list":["post-13","page","type-page","status-publish","has-post-thumbnail","hentry"],"_links":{"self":[{"href":"https:\/\/noomi.puhalainen.fi\/beyoudance\/wp-json\/wp\/v2\/pages\/13","targetHints":{"allow":["GET"]}}],"collection":[{"href":"https:\/\/noomi.puhalainen.fi\/beyoudance\/wp-json\/wp\/v2\/pages"}],"about":[{"href":"https:\/\/noomi.puhalainen.fi\/beyoudance\/wp-json\/wp\/v2\/types\/page"}],"author":[{"embeddable":true,"href":"https:\/\/noomi.puhalainen.fi\/beyoudance\/wp-json\/wp\/v2\/users\/1"}],"replies":[{"embeddable":true,"href":"https:\/\/noomi.puhalainen.fi\/beyoudance\/wp-json\/wp\/v2\/comments?post=13"}],"version-history":[{"count":41,"href":"https:\/\/noomi.puhalainen.fi\/beyoudance\/wp-json\/wp\/v2\/pages\/13\/revisions"}],"predecessor-version":[{"id":242,"href":"https:\/\/noomi.puhalainen.fi\/beyoudance\/wp-json\/wp\/v2\/pages\/13\/revisions\/242"}],"wp:featuredmedia":[{"embeddable":true,"href":"https:\/\/noomi.puhalainen.fi\/beyoudance\/wp-json\/wp\/v2\/media\/112"}],"wp:attachment":[{"href":"https:\/\/noomi.puhalainen.fi\/beyoudance\/wp-json\/wp\/v2\/media?parent=13"}],"curies":[{"name":"wp","href":"https:\/\/api.w.org\/{rel}","templated":true}]}}